t y = -46 + f. What is the remainder when y is divided by 11?
7
Let l(h) = 3*h + 14. Let c(j) = j**2 + 6*j + 2. Let r be c(-5). Let i be l(r). Calculate the remainder when i + (-2)/4*-48 is divided by 10.
9
Let d = -439 - -442. Let w(a) = 4*a**2 + a - 6. What is the remainder when 101 is divided by w(d)?
2
Let f(h) = -340*h - 653. What is the remainder when 4427 is divided by f(-2)?
26
Let z = -15 - -5. Let x(q) = 25*q + q**3 - 4*q**3 + 39*q**2 + 4*q**3 - 26*q**2 - 16. Calculate the remainder when x(z) is divided by 12.
10
What is the remainder when (-5)/10*4 - -323 is divided by 6 + -10*(-32)/8?
45
Suppose -2823 + 2775 = -3*p. Calculate the remainder when 123 is divided by p.
11
Let l(h) = -h**2 - 13*h - 26. Let w be l(-10). Suppose 0 = -3*z - 3, -4*z - 158 = -w*f - 2*z. Calculate the remainder when 186 is divided by f.
30
Let v(u) = -3*u**2 - 45*u + 131. What is the remainder when v(-17) is divided by 17?
12
Let y(h) = -32*h - 7. Let m be y(-7). Suppose 0 = -3*p + 35 + m. What is the remainder when p is divided by 759/(-46)*40/(-22)?
24
Let a = 4098 + -3790. What is the remainder when a is divided by 33?
11
Suppose 118*n - 125*n + 525 = 0. Let u(b) = 2*b**2 - 12*b - 1. Let m be u(8). Let w = -12 + m. Calculate the remainder when n is divided by w.
18
Suppose 0 = 5*l - 25 - 45. Calculate the remainder when l is divided by 2*(-8 - (-115)/10).
0
Let n = -4212 + 4378. What is the remainder when n is divided by 15?
1
Suppose -31*z = -20*z + 154. Suppose -59 = -4*w + 13. What is the remainder when w is divided by z*((-8)/(-20))/((-4)/5)?
4
Let i = 9 - -3. Let d(f) = 102*f - 411. Let p be d(18). Suppose 0 = -58*y + 43*y + p. Calculate the remainder when y is divided by i.
11
Let t(s) = 2*s - 7. Let h be t(9). Suppose 4*q = h - 3, 2*q = 3*w - 257. What is the remainder when w is divided by 9?
6
Suppose 3*s - 16 = d, -16*s - 10 = -17*s + d. Calculate the remainder when 217 is divided by s.
1
Let h(u) = 91*u + 1461. What is the remainder when h(-9) is divided by 43?
40
Suppose 5*w = 4*n - 47, -w - 34 = -3*n + 3*w. Suppose 4*x = -n + 50. Let f = 619 - 613. What is the remainder when x is divided by f?
2
Suppose j - 2*f + 206 = 0, 4*j = 2*j - 2*f - 412. Let l = j + 298. Let g = -46 + l. Calculate the remainder when g is divided by 12.
10
Let q be 30/(-5) + -323 - 7. Calculate the remainder when (49/4)/((-84)/q) is divided by 14.
7
Let r(k) = -5*k - 49. Let v = 381 + -396. Suppose -q = 3*w - 47, -2*w - 3*q + 25 = -11. What is the remainder when r(v) is divided by w?
11
Let o(i) = -428*i + 4388. Calculate the remainder when o(10) is divided by 29.
21
Let d = -5514 + 5855. What is the remainder when d is divided by 167?
7
Suppose r + p = 86, 4*p = -3*r + 8*r - 466. Suppose n + 83 = r. Calculate the remainder when 10 is divided by n.
3
Let c = 617 + -357. Suppose -9*l = l - c. What is the remainder when l is divided by 11?
4
Let k(z) = 37 - 27*z**2 + 25 - 22*z + z**3 - 8*z. Calculate the remainder when 21 is divided by k(28).
3
Let b = 3 - 3. Suppose 2*a - 6 = -r, b = -0*r + r - 4*a + 24. Calculate the remainder when 31 is divided by (r/(-8))/((-5)/(-180)).
13
Calculate the remainder when (170/60)/(12/648) is divided by 85.
68
Suppose 10 = -5*u - 2*b, 4*u - 4*b - 16 - 4 = 0. Suppose 3*g - g - 8 = u. Suppose 0 = 18*x - 36*x + 234. What is the remainder when x is divided by g?
1
Suppose 18*c - 888 = -w + 21*c, 0 = 5*c + 35. Calculate the remainder when w is divided by 45.
12
Suppose 7*t = 32 + 3. Suppose 5*y - 4*g = -0*y + t, -y + g = 0. Suppose -y*d + 4 + 51 = 0. What is the remainder when 87 is divided by d?
10
Let l(p) = 4*p**3 + 3*p**2 - 3*p - 4. Suppose 0 = 20*j - 36*j + 11712. Let z = -701 + j. What is the remainder when l(3) is divided by z?
29
Suppose 43 = 3*o - 2*x - 818, 2*x - 279 = -o. What is the remainder when 5414 is divided by o?
284
Suppose 6739 = 192*v + 1171. Let o = -19 + 36. Calculate the remainder when v is divided by o.
12
Let a be (0/2)/(-29 + 34). Suppose a = -0*j + j. Suppose j = 5*n - k - 85, -n - k - 21 = -2*n. Calculate the remainder when 26 is divided by n.
10
Let a(s) be the third derivative of s**5/60 + s**4/8 + s**3/6 - 10*s**2. What is the remainder when ((-3)/(-2))/((-7)/(-98)) is divided by a(-5)?
10
Let a = 2616 - -3339. What is the remainder when a is divided by 101?
97
Let i = -13 - -21. What is the remainder when (-50 - -5)*((-140)/21 + 6) is divided by i?
6
Suppose 2*d + f - 75 = 0, 3*f = -5*d + 159 + 29. Calculate the remainder when 459 is divided by d.
15
Let b(j) = -j**2 + 2. Let c(t) = 4*t**2 - 5*t + 15. Let v(s) = -5*b(s) - c(s). Suppose 2*h + 0*h = 24. What is the remainder when v(h) is divided by 10?
9
Suppose -5*m + 249 + 91 = -5*t, 9*m - 3*t - 606 = 0. Calculate the remainder when 237 is divided by m.
36
Suppose 3*m + 15 = 4*m. Let z = 50961 + -50925. What is the remainder when z is divided by m?
6
Let d = 1028 + -482. What is the remainder when d is divided by 41?
13
Let h(c) = 4*c**3 - 35*c**2 + 34*c + 35. Calculate the remainder when 1354 is divided by h(9).
88
Let z(g) = 9*g**3 - 2*g**2 - g - 39. What is the remainder when z(9) is divided by 13?
7
Let y = 28 - 23. Suppose y*f = -121 + 711. What is the remainder when f is divided by (6/4)/(3/20)?
8
Suppose -2*p - 1118 = -4*v - 0*p, -4*v + 1115 = p. Calculate the remainder when 993 is divided by v.
156
Let y = -10 + 13. Suppose 4*v - 20 = -3*u, 2*v + 3*u = y + 1. What is the remainder when v is divided by 4?
0
Let m = -173 - -313. Suppose -16*r + 15245 = 2605. Let q = 838 - r. Calculate the remainder when m is divided by q.
44
Suppose -274 = -57*m + 125. What is the remainder when 3960 is divided by m?
5
Let k = 73 + 407. Suppose -t = -4*o - k, o + 2*t = -3*t - 120. What is the remainder when 87 is divided by ((-88)/(-10))/(-6*4/o)?
43
Let d = -75 - -77. Suppose -3*b = 5*w - 12 - 97, -d*w + 38 = 4*b. What is the remainder when 183 is divided by w?
22
What is the remainder when 60/(-36)*102696/(-110) is divided by 517?
5
Let y = 71 + -47. Suppose 127220 = 256*m + 17396. What is the remainder when m is divided by y?
21
Suppose 0 = 2409*o - 2414*o + 435. Suppose -p + o = 4*c - 2*p, -5*c + 108 = -2*p. What is the remainder when 108 is divided by c?
20
Let o(w) = 536*w + 9546. Calculate the remainder when o(-14) is divided by 255.
2
Let r(q) = 18*q - 5 - 17*q - 2 + 18. Let i(k) = 4*k - 3. Let u be i(2). What is the remainder when 79 is divided by r(u)?
15
Let b(q) = -q**3 - 10*q + 875. Calculate the remainder when b(0) is divided by 80.
75
Calculate the remainder when 960 is divided by (-1916)/10*((-336)/(-64)*2 + -13).
2
Let j = 128 - 124. Suppose -4*l + 680 = 5*t, 7*t - 391 = j*t + l. What is the remainder when t is divided by 47?
38
Suppose 0*c + c - 136 = -2*q, -c + 5*q = -164. Calculate the remainder when 9 is divided by c/126*7/2.
1
Let z = 304 - 266. Suppose 5*w - z - 17 = 0. Let m = -75 + 126. What is the remainder when m is divided by w?
7
Let n(w) = -521*w + 21102. Calculate the remainder when n(0) is divided by 35.
32
Let u(o) = -o**3 + 25*o**2 + 272*o - 260. Calculate the remainder when 322 is divided by u(33).
2
Let o = -4575 - -4690. Calculate the remainder when 306 is divided by o.
76
Let l = -1 - -3. Suppose 4*d = f + 107, d - 3*d + 66 = l*f. Suppose -2*a + 3 = -13. Calculate the remainder when d is divided by a.
4
Calculate the remainder when 177 is divided by (((-310)/28 - -4) + (-9)/21)*-8.
57
Suppose -2*t + 0*t = 48. Let z = -25 - t. Calculate the remainder when 58 is divided by (-3)/2 + ((-27)/2)/z.
10
Let k = 303 - -214. What is the remainder when k is divided by 170?
7
Let t be 6 + 32/10*10/(-4). Calculate the remainder when 98 is divided by (-10*1)/t + (-297)/(-9).
22
Let x be (1038/(-16) - (-6)/(-16))*-4. Let o = x + -258. What is the remainder when o is divided by 3?
0
Let s be 12/(-10)*(-7)/(21/(-20)). What is the remainder when (-25)/100 - (434/s + 0) is divided by -2 - -4 - (-13 + 1)?
12
Let v = -1467 - -1604. Calculate the remainder when v is divided by 23.
22
Let l(f) = 13*f**3 - 2*f**2 + 181*f - 734. Calculate the remainder when l(4) is divided by 43.
16
Calculate the remainder when (-32)/(-4) + (-440)/(-22 - -11) is divided by 45.
3
Let d = -62 + 67. Suppose 2*r + 242 = 5*f + 39, -79 = r + d*f. Let i = r + 154. Calculate the r